{"id":2776,"date":"2024-06-20T12:35:00","date_gmt":"2024-06-20T10:35:00","guid":{"rendered":"http:\/\/calfistes.fr\/laboursetocqueville\/?page_id=2776"},"modified":"2024-07-26T10:48:24","modified_gmt":"2024-07-26T08:48:24","slug":"nicolas-monti","status":"publish","type":"page","link":"http:\/\/calfistes.fr\/laboursetocqueville\/nicolas-monti\/","title":{"rendered":"Nicolas Monti"},"content":{"rendered":"\t\t<div data-elementor-type=\"wp-page\" data-elementor-id=\"2776\" class=\"elementor elementor-2776\" data-elementor-post-type=\"page\">\n\t\t\t\t<div class=\"elementor-element elementor-element-222bf07b e-flex e-con-boxed e-con e-parent\" data-id=\"222bf07b\" data-element_type=\"container\" data-settings=\"{&quot;background_background&quot;:&quot;classic&quot;}\">\n\t\t\t\t\t<div class=\"e-con-inner\">\n\t\t\t\t<div class=\"elementor-element elementor-element-1e65873b elementor-widget elementor-widget-heading\" data-id=\"1e65873b\" data-element_type=\"widget\" data-widget_type=\"heading.default\">\n\t\t\t\t<div class=\"elementor-widget-container\">\n\t\t\t<style>\/*! elementor - v3.23.0 - 25-07-2024 *\/\n.elementor-heading-title{padding:0;margin:0;line-height:1}.elementor-widget-heading .elementor-heading-title[class*=elementor-size-]>a{color:inherit;font-size:inherit;line-height:inherit}.elementor-widget-heading .elementor-heading-title.elementor-size-small{font-size:15px}.elementor-widget-heading .elementor-heading-title.elementor-size-medium{font-size:19px}.elementor-widget-heading .elementor-heading-title.elementor-size-large{font-size:29px}.elementor-widget-heading .elementor-heading-title.elementor-size-xl{font-size:39px}.elementor-widget-heading .elementor-heading-title.elementor-size-xxl{font-size:59px}<\/style><h1 class=\"elementor-heading-title elementor-size-default\">T\u00e9moignages<\/h1>\t\t<\/div>\n\t\t\t\t<\/div>\n\t\t\t\t\t<\/div>\n\t\t\t\t<\/div>\n\t\t<div class=\"elementor-element elementor-element-32cd2a8a e-flex e-con-boxed e-con e-parent\" data-id=\"32cd2a8a\" data-element_type=\"container\">\n\t\t\t\t\t<div class=\"e-con-inner\">\n\t\t<div class=\"elementor-element elementor-element-248322f5 e-con-full e-flex e-con e-child\" data-id=\"248322f5\" data-element_type=\"container\">\n\t\t\t\t<div class=\"elementor-element elementor-element-4b7bf7fc elementor-widget elementor-widget-image\" data-id=\"4b7bf7fc\" data-element_type=\"widget\" data-widget_type=\"image.default\">\n\t\t\t\t<div class=\"elementor-widget-container\">\n\t\t\t<style>\/*! elementor - v3.23.0 - 25-07-2024 *\/\n.elementor-widget-image{text-align:center}.elementor-widget-image a{display:inline-block}.elementor-widget-image a img[src$=\".svg\"]{width:48px}.elementor-widget-image img{vertical-align:middle;display:inline-block}<\/style>\t\t\t\t\t\t\t\t\t\t<img fetchpriority=\"high\" decoding=\"async\" width=\"655\" height=\"655\" src=\"http:\/\/calfistes.fr\/laboursetocqueville\/wp-content\/uploads\/2024\/06\/1640256827106.jpg\" class=\"attachment-large size-large wp-image-2754\" alt=\"\" srcset=\"http:\/\/calfistes.fr\/laboursetocqueville\/wp-content\/uploads\/2024\/06\/1640256827106.jpg 655w, http:\/\/calfistes.fr\/laboursetocqueville\/wp-content\/uploads\/2024\/06\/1640256827106-300x300.jpg 300w, http:\/\/calfistes.fr\/laboursetocqueville\/wp-content\/uploads\/2024\/06\/1640256827106-150x150.jpg 150w\" sizes=\"(max-width: 655px) 100vw, 655px\" \/>\t\t\t\t\t\t\t\t\t\t\t\t\t<\/div>\n\t\t\t\t<\/div>\n\t\t\t\t<\/div>\n\t\t<div class=\"elementor-element elementor-element-1b80f4a e-con-full e-flex e-con e-child\" data-id=\"1b80f4a\" data-element_type=\"container\">\n\t\t\t\t<div class=\"elementor-element elementor-element-63fccb5c elementor-widget elementor-widget-heading\" data-id=\"63fccb5c\" data-element_type=\"widget\" data-widget_type=\"heading.default\">\n\t\t\t\t<div class=\"elementor-widget-container\">\n\t\t\t<h2 class=\"elementor-heading-title elementor-size-default\">Nicolas Monti<\/h2>\t\t<\/div>\n\t\t\t\t<\/div>\n\t\t\t\t<div class=\"elementor-element elementor-element-7ec9bf6a elementor-widget elementor-widget-text-editor\" data-id=\"7ec9bf6a\" data-element_type=\"widget\" data-widget_type=\"text-editor.default\">\n\t\t\t\t<div class=\"elementor-widget-container\">\n\t\t\t<style>\/*! elementor - v3.23.0 - 25-07-2024 *\/\n.elementor-widget-text-editor.elementor-drop-cap-view-stacked .elementor-drop-cap{background-color:#69727d;color:#fff}.elementor-widget-text-editor.elementor-drop-cap-view-framed .elementor-drop-cap{color:#69727d;border:3px solid;background-color:transparent}.elementor-widget-text-editor:not(.elementor-drop-cap-view-default) .elementor-drop-cap{margin-top:8px}.elementor-widget-text-editor:not(.elementor-drop-cap-view-default) .elementor-drop-cap-letter{width:1em;height:1em}.elementor-widget-text-editor .elementor-drop-cap{float:left;text-align:center;line-height:1;font-size:50px}.elementor-widget-text-editor .elementor-drop-cap-letter{display:inline-block}<\/style>\t\t\t\t<p><span style=\"font-weight: 400;\">Je m\u2019appelle Nicolas Pouvreau-Monti et j\u2019ai 30 ans. Je suis co-fondateur et directeur de l\u2019Observatoire de l\u2019immigration et de la d\u00e9mographie, un institut ind\u00e9pendant qui travaille \u00e0 \u00e9clairer le d\u00e9bat d\u00e9mocratique sur ces sujets essentiels pour l\u2019avenir du pays. <\/span><span style=\"font-weight: 400;\">J\u2019ai eu le privil\u00e8ge de participer \u00e0 la Bourse Tocqueville durant l\u2019ann\u00e9e 2019.<\/span><\/p>\t\t\t\t\t\t<\/div>\n\t\t\t\t<\/div>\n\t\t\t\t<\/div>\n\t\t<div class=\"elementor-element elementor-element-34508150 e-con-full e-flex e-con e-child\" data-id=\"34508150\" data-element_type=\"container\">\n\t\t\t\t<div class=\"elementor-element elementor-element-201ccbd7 elementor-widget elementor-widget-text-editor\" data-id=\"201ccbd7\" data-element_type=\"widget\" data-widget_type=\"text-editor.default\">\n\t\t\t\t<div class=\"elementor-widget-container\">\n\t\t\t\t\t\t\t<p><b><i><\/i><\/b><span style=\"text-decoration: underline;\"><b><i>Qu&rsquo;est-ce qui vous a inspir\u00e9 \u00e0 postuler pour la Bourse Tocqueville, et qu&rsquo;esp\u00e9riez-vous accomplir ?<\/i><\/b><\/span><\/p><p><span style=\"font-weight: 400;\">Je m\u2019interrogeais fortement quant \u00e0 ma vie professionnelle : install\u00e9 dans un emploi confortable, j\u2019aspirais n\u00e9anmoins \u00e0 un travai engag\u00e9 au service de la Cit\u00e9, sans pour autant m\u2019inscrire dans le jeu partisan ou \u00e9lectoral (lequel a \u00e9videmment toute sa l\u00e9gitimit\u00e9 et sa n\u00e9cessit\u00e9 par ailleurs). L\u2019univers des <\/span><i><span style=\"font-weight: 400;\">think-tanks<\/span><\/i><span style=\"font-weight: 400;\"> m\u2019int\u00e9ressait tout particuli\u00e8rement et je savais que Washington D.C. \u00e9tait la capitale mondiale de r\u00e9f\u00e9rence en la mati\u00e8re. Par ailleurs, j\u2019avais un int\u00e9r\u00eat prononc\u00e9 pour la vie politique et intellectuelle des Etats-Unis. \u00c0 l\u2019aune de ces diff\u00e9rentes raisons, la Bourse Tocqueville m\u2019est apparue constituer une opportunit\u00e9 hors du commun pour approcher ces r\u00e9alit\u00e9s au plus pr\u00e8s et \u00e9clairer mes choix.<\/span><\/p><p><b><i><\/i><\/b><span style=\"text-decoration: underline;\"><b><i>Pouvez-vous d\u00e9crire l&rsquo;une des exp\u00e9riences les plus m\u00e9morables que vous avez eues pendant votre s\u00e9jour \u00e0 Washington D.C. ?<\/i><\/b><\/span><\/p><p><span style=\"font-weight: 400;\">Parmi de multiples \u00e9pisodes marquants, je citerais notamment les rendez-vous que nous avons pu avoir au Congr\u00e8s &#8211; le coeur battant de la d\u00e9mocratie am\u00e9ricaine. Nous avons \u00e9t\u00e9 re\u00e7us longuement par un s\u00e9nateur de premier plan et un membre de la Chambre des repr\u00e9sentants, avec lesquels nous avons pu \u00e9changer sur les d\u00e9fis communs \u00e0 l\u2019ensemble des soci\u00e9t\u00e9s occidentales. La disponibilit\u00e9 des \u00e9lus et la richesse de nos discussions m\u2019ont laiss\u00e9 une impression durable.<\/span><\/p><p><b><i><\/i><\/b><span style=\"text-decoration: underline;\"><b><i>Quels ont \u00e9t\u00e9 les principaux enseignements de votre bourse qui ont eu un impact sur votre vie personnelle et professionnelle ?<\/i><\/b><\/span><\/p><p><span style=\"font-weight: 400;\">La Bourse Tocqueville a eu un impact tout \u00e0 fait d\u00e9cisif sur ma vie professionnelle. Au contact des <\/span><i><span style=\"font-weight: 400;\">think-tanks<\/span><\/i><span style=\"font-weight: 400;\"> de Washington, tant les plus g\u00e9n\u00e9ralistes que ceux concentr\u00e9s sur une th\u00e9matique en particulier, j\u2019ai pu toucher du doigt l\u2019influence consid\u00e9rable que ce type de structures peut avoir sur la destin\u00e9e d\u2019un pays. J\u2019ai aussi \u00e9t\u00e9 frapp\u00e9 par leur professionnalisme, leur solidit\u00e9 organisationnelle et financi\u00e8re. Ce constat a influenc\u00e9 de mani\u00e8re d\u00e9cisive la d\u00e9cision de cr\u00e9er l\u2019Observatoire de l\u2019immigration et de la d\u00e9mographie, de retour en France, avec plusieurs amis. Les le\u00e7ons d\u2019efficacit\u00e9 apprises \u00e0 D.C. nous ont \u00e9t\u00e9 pr\u00e9cieuses pour structurer notre strat\u00e9gie et nos m\u00e9thodes, de telle sorte que la croissance de l\u2019OID m\u2019a conduit \u00e0 \u201cen faire mon m\u00e9tier\u201d en prenant la direction de l\u2019Observatoire \u00e0 temps plein, que je repr\u00e9sente d\u00e9sormais aupr\u00e8s des d\u00e9cideurs politiques et dans les m\u00e9dias.<\/span><\/p><p><b><i><\/i><\/b><span style=\"text-decoration: underline;\"><b><i>Comment la bourse a-t-elle facilit\u00e9 les opportunit\u00e9s de r\u00e9seautage, et pourriez-vous partager comment ces connexions vous ont aid\u00e9 dans votre carri\u00e8re ?<\/i><\/b><\/span><\/p><p><span style=\"font-weight: 400;\">Parmi les contacts tr\u00e8s utiles pris durant la Bourse, je retiens sp\u00e9cialement ceux du Center for Immigration Studies et de NumbersUSA, un laboratoire d\u2019id\u00e9es et un groupe de pression travaillant en faveur d\u2019une approche r\u00e9aliste des sujets migratoires aux Etats-Unis. Ces deux organisations sont devenues depuis lors des partenaires de l\u2019Observatoire de l\u2019immigration et de la d\u00e9mographie et nous avons co-fond\u00e9 avec elles l\u2019<\/span><i><span style=\"font-weight: 400;\">International Network for Immigration Researc<\/span><\/i><span style=\"font-weight: 400;\">h (INIR), un r\u00e9seau mondial d\u2019instituts partageant notre approche factuelle et d\u00e9passionn\u00e9e des questions d\u2019immigrations. Le premier colloque de l\u2019INIR s\u2019est tenu en janvier 2024 au Congr\u00e8s des Etats-Unis (l\u2019occasion de revenir \u00e0 Washington !) et nous accueillerons la prochaine \u00e9dition \u00e0 Paris durant l\u2019automne de cette ann\u00e9e.<\/span><\/p><p><b><i><\/i><\/b><span style=\"text-decoration: underline;\"><b><i>Quelles comp\u00e9tences sp\u00e9cifiques avez-vous d\u00e9velopp\u00e9es pendant la bourse qui vous sont utiles dans votre r\u00f4le actuel ?<\/i><\/b><\/span><\/p><p><span style=\"font-weight: 400;\">Elles sont multiples ! Comp\u00e9tences \u201csociales\u201d d\u2019abord, en termes de construction de r\u00e9seaux et de coalitions. Comp\u00e9tences entrepreneuriales ensuite : issu d\u2019un cursus acad\u00e9mique qui n\u2019\u00e9tait pas sp\u00e9cialement port\u00e9 vers ce genre de d\u00e9marche, j\u2019ai appris de nombreuses r\u00e8gles et m\u00e9thodes utiles pour structurer un projet d\u2019engagement civique et lui permettre \u00e0 \u201cpasser \u00e0 l\u2019\u00e9chelle\u201d afin de maximiser son impact. Les formations dispens\u00e9es sur place en termes de passages m\u00e9dias et de lev\u00e9e de fonds me sont toujours d\u2019une utilit\u00e9 concr\u00e8te aujourd\u2019hui.<\/span><\/p><p><b><i><\/i><\/b><span style=\"text-decoration: underline;\"><b><i>Bas\u00e9 sur votre exp\u00e9rience, quel conseil donneriez-vous \u00e0 quelqu&rsquo;un envisageant de postuler pour la Bourse Tocqueville ?<\/i><\/b><\/span><\/p><p><span style=\"font-weight: 400;\">D\u2019abord : osez candidater ! Soyez au clair sur ce que vous attendez de ce s\u00e9jour, pour vous-m\u00eame mais aussi (surtout) pour ce que pourriez construire d\u2019utile \u00e0 notre pays. Si vous \u00eates retenus, soyez conscient de la chance extraordinaire qui va vous \u00eatre donn\u00e9e de rencontrer des personnes et de visiter des lieux si \u00e9minents, et soyez d\u00e9termin\u00e9 \u00e0 \u201crendre cette chance\u201d en la faisant fructifier au service du bien commun.<\/span><\/p><p><span style=\"text-decoration: underline;\"><b><i>Si vous deviez r\u00e9sumer votre exp\u00e9rience de la Bourse Tocqueville en quelques mots, quels seraient-ils ?<\/i><\/b><\/span><\/p><p><span style=\"font-weight: 400;\">La Bourse Tocqueville constitue une opportunit\u00e9 absolument unique, qui peut avoir une importance capitale dans la trajectoire personnelle et professionnelle de jeunes gens souhaitant acqu\u00e9rir des comp\u00e9tences et des r\u00e9seaux pour les mettre au service de la soci\u00e9t\u00e9 fran\u00e7aise. Elle a jou\u00e9 un r\u00f4le notable dans ma propre construction. Un tr\u00e8s grand merci \u00e0 la Bourse &#8211; et vivement la prochaine \u00e9dition<\/span><\/p>\t\t\t\t\t\t<\/div>\n\t\t\t\t<\/div>\n\t\t\t\t<\/div>\n\t\t\t\t\t<\/div>\n\t\t\t\t<\/div>\n\t\t\t\t<\/div>\n\t\t","protected":false},"excerpt":{"rendered":"<p>T\u00e9moignages Nicolas Monti Je m\u2019appelle Nicolas Pouvreau-Monti et j\u2019ai 30 ans. Je suis co-fondateur et directeur de l\u2019Observatoire de l\u2019immigration et de la d\u00e9mographie, un institut ind\u00e9pendant qui travaille \u00e0 \u00e9clairer le d\u00e9bat d\u00e9mocratique sur ces sujets essentiels pour l\u2019avenir du pays. J\u2019ai eu le privil\u00e8ge de participer \u00e0 la Bourse Tocqueville durant l\u2019ann\u00e9e 2019. [&hellip;]<\/p>\n","protected":false},"author":2,"featured_media":0,"parent":0,"menu_order":0,"comment_status":"closed","ping_status":"closed","template":"","meta":{"footnotes":""},"class_list":["post-2776","page","type-page","status-publish","hentry"],"_links":{"self":[{"href":"http:\/\/calfistes.fr\/laboursetocqueville\/wp-json\/wp\/v2\/pages\/2776","targetHints":{"allow":["GET"]}}],"collection":[{"href":"http:\/\/calfistes.fr\/laboursetocqueville\/wp-json\/wp\/v2\/pages"}],"about":[{"href":"http:\/\/calfistes.fr\/laboursetocqueville\/wp-json\/wp\/v2\/types\/page"}],"author":[{"embeddable":true,"href":"http:\/\/calfistes.fr\/laboursetocqueville\/wp-json\/wp\/v2\/users\/2"}],"replies":[{"embeddable":true,"href":"http:\/\/calfistes.fr\/laboursetocqueville\/wp-json\/wp\/v2\/comments?post=2776"}],"version-history":[{"count":31,"href":"http:\/\/calfistes.fr\/laboursetocqueville\/wp-json\/wp\/v2\/pages\/2776\/revisions"}],"predecessor-version":[{"id":3991,"href":"http:\/\/calfistes.fr\/laboursetocqueville\/wp-json\/wp\/v2\/pages\/2776\/revisions\/3991"}],"wp:attachment":[{"href":"http:\/\/calfistes.fr\/laboursetocqueville\/wp-json\/wp\/v2\/media?parent=2776"}],"curies":[{"name":"wp","href":"https:\/\/api.w.org\/{rel}","templated":true}]}}